{"id":154,"date":"2026-02-12T11:22:22","date_gmt":"2026-02-12T10:22:22","guid":{"rendered":"https:\/\/supexup.formatome.fr\/2025-2026\/RPMC\/5\/?page_id=154"},"modified":"2026-04-13T13:21:13","modified_gmt":"2026-04-13T11:21:13","slug":"carte","status":"publish","type":"page","link":"https:\/\/supexup.formatome.fr\/2025-2026\/RPMC\/5\/carte\/","title":{"rendered":"Carte"},"content":{"rendered":"<p>[et_pb_section fb_built=\u00a0\u00bb1&Prime; make_equal=\u00a0\u00bbon\u00a0\u00bb specialty=\u00a0\u00bbon\u00a0\u00bb bg_img_1=\u00a0\u00bbhttp:\/\/supexup.formatome.fr\/2025-2026\/RPMC\/5\/wp-content\/uploads\/2026\/03\/middle-eastern-restaurant-img-01-583&#215;1024-1.jpg\u00a0\u00bb padding_top_2=\u00a0\u00bb20%\u00a0\u00bb padding_bottom_2=\u00a0\u00bb20%\u00a0\u00bb padding_top_bottom_link_2=\u00a0\u00bbtrue\u00a0\u00bb padding_left_right_link_2=\u00a0\u00bbfalse\u00a0\u00bb padding_2_tablet=\u00a0\u00bb0px||30px||false|false\u00a0\u00bb padding_2_phone=\u00a0\u00bb||||false|false\u00a0\u00bb padding_2_last_edited=\u00a0\u00bbon|phone\u00a0\u00bb admin_label=\u00a0\u00bbHeader\u00a0\u00bb _builder_version=\u00a0\u00bb4.27.4&Prime; _module_preset=\u00a0\u00bbdefault\u00a0\u00bb background_image=\u00a0\u00bbhttp:\/\/supexup.formatome.fr\/2025-2026\/RPMC\/5\/wp-content\/uploads\/2026\/03\/Carte-restaurant.jpg\u00a0\u00bb background_size=\u00a0\u00bbinitial\u00a0\u00bb background_position=\u00a0\u00bbbottom_center\u00a0\u00bb background_last_edited=\u00a0\u00bboff|tablet\u00a0\u00bb background_enable_image_tablet=\u00a0\u00bboff\u00a0\u00bb background_size_tablet=\u00a0\u00bbcontain\u00a0\u00bb background_size_phone=\u00a0\u00bbcontain\u00a0\u00bb background_position_tablet=\u00a0\u00bbtop_right\u00a0\u00bb global_colors_info=\u00a0\u00bb{}\u00a0\u00bb][et_pb_column type=\u00a0\u00bb1_2&Prime; _builder_version=\u00a0\u00bb4.16&Prime; custom_padding=\u00a0\u00bb|||\u00a0\u00bb global_colors_info=\u00a0\u00bb{}\u00a0\u00bb custom_padding__hover=\u00a0\u00bb|||\u00a0\u00bb][\/et_pb_column][et_pb_column type=\u00a0\u00bb1_2&Prime; specialty_columns=\u00a0\u00bb2&Prime; _builder_version=\u00a0\u00bb4.16&Prime; custom_padding=\u00a0\u00bb|||\u00a0\u00bb global_colors_info=\u00a0\u00bb{}\u00a0\u00bb custom_padding__hover=\u00a0\u00bb|||\u00a0\u00bb][et_pb_row_inner custom_padding_last_edited=\u00a0\u00bbon|phone\u00a0\u00bb _builder_version=\u00a0\u00bb4.16&Prime; _module_preset=\u00a0\u00bbdefault\u00a0\u00bb background_color=\u00a0\u00bb#FCFBF9&Prime; width=\u00a0\u00bb150%\u00a0\u00bb width_tablet=\u00a0\u00bb100%\u00a0\u00bb width_phone=\u00a0\u00bb100%\u00a0\u00bb width_last_edited=\u00a0\u00bbon|phone\u00a0\u00bb custom_margin=\u00a0\u00bb|||-50%|false|false\u00a0\u00bb custom_margin_tablet=\u00a0\u00bb|||0%|false|false\u00a0\u00bb custom_margin_phone=\u00a0\u00bb|||0%|false|false\u00a0\u00bb custom_margin_last_edited=\u00a0\u00bbon|phone\u00a0\u00bb custom_padding=\u00a0\u00bb60px|40px|60px|40px|true|true\u00a0\u00bb custom_padding_tablet=\u00a0\u00bb30px|30px|30px|30px|true|true\u00a0\u00bb custom_padding_phone=\u00a0\u00bb|20px||20px|true|true\u00a0\u00bb global_colors_info=\u00a0\u00bb{}\u00a0\u00bb][et_pb_column_inner saved_specialty_column_type=\u00a0\u00bb1_2&Prime; _builder_version=\u00a0\u00bb4.16&Prime; _module_preset=\u00a0\u00bbdefault\u00a0\u00bb global_colors_info=\u00a0\u00bb{}\u00a0\u00bb][et_pb_image src=\u00a0\u00bbhttp:\/\/supexup.formatome.fr\/2025-2026\/RPMC\/5\/wp-content\/uploads\/2026\/03\/middle-eastern-restaurant-img-02.png\u00a0\u00bb title_text=\u00a0\u00bbmiddle-eastern-restaurant-img-02&Prime; _builder_version=\u00a0\u00bb4.16&Prime; _module_preset=\u00a0\u00bbdefault\u00a0\u00bb positioning=\u00a0\u00bbabsolute\u00a0\u00bb position_origin_a=\u00a0\u00bbtop_right\u00a0\u00bb width=\u00a0\u00bb36%\u00a0\u00bb width_tablet=\u00a0\u00bb20%\u00a0\u00bb width_phone=\u00a0\u00bb30%\u00a0\u00bb width_last_edited=\u00a0\u00bboff|desktop\u00a0\u00bb custom_margin=\u00a0\u00bb-26%|-20%|||false|false\u00a0\u00bb custom_margin_tablet=\u00a0\u00bb|-8vw|||false|false\u00a0\u00bb custom_margin_phone=\u00a0\u00bb|-8vw|||false|false\u00a0\u00bb custom_margin_last_edited=\u00a0\u00bbon|desktop\u00a0\u00bb locked=\u00a0\u00bboff\u00a0\u00bb global_colors_info=\u00a0\u00bb{}\u00a0\u00bb][\/et_pb_image][et_pb_text _builder_version=\u00a0\u00bb4.27.4&Prime; _module_preset=\u00a0\u00bb534cc526-6274-4e31-9e1a-7f18a5947bf1&Prime; header_4_font=\u00a0\u00bbMontserrat|700||on|||||\u00a0\u00bb header_4_text_color=\u00a0\u00bb#ff824e\u00a0\u00bb header_4_font_size=\u00a0\u00bb14px\u00a0\u00bb header_4_line_height=\u00a0\u00bb1.5em\u00a0\u00bb custom_margin=\u00a0\u00bb||0px||false|false\u00a0\u00bb header_4_font_size_tablet=\u00a0\u00bb\u00a0\u00bb header_4_font_size_phone=\u00a0\u00bb11px\u00a0\u00bb header_4_font_size_last_edited=\u00a0\u00bbon|phone\u00a0\u00bb locked=\u00a0\u00bboff\u00a0\u00bb global_colors_info=\u00a0\u00bb{}\u00a0\u00bb]<\/p>\n<h4>LA MAISON DES COPAINS\u00a0<\/h4>\n<p>[\/et_pb_text][et_pb_text _builder_version=\u00a0\u00bb4.16&Prime; _module_preset=\u00a0\u00bbe864d11f-3dab-4fa3-ac06-4f0e1a260807&Prime; header_font=\u00a0\u00bbPlayfair Display||||||||\u00a0\u00bb header_text_color=\u00a0\u00bb#191d23&Prime; header_font_size=\u00a0\u00bb72px\u00a0\u00bb header_line_height=\u00a0\u00bb1.35em\u00a0\u00bb custom_margin=\u00a0\u00bb||0px||false|false\u00a0\u00bb header_font_size_tablet=\u00a0\u00bb40px\u00a0\u00bb header_font_size_phone=\u00a0\u00bb24px\u00a0\u00bb header_font_size_last_edited=\u00a0\u00bbon|desktop\u00a0\u00bb global_colors_info=\u00a0\u00bb{}\u00a0\u00bb]<\/p>\n<h1><b>Bienvenue dans\u00a0<\/b><\/h1>\n<h1><b>LA CARTE<\/b><\/h1>\n<p><b><\/b><\/p>\n<p>[\/et_pb_text][\/et_pb_column_inner][\/et_pb_row_inner][et_pb_row_inner custom_padding_last_edited=\u00a0\u00bboff|desktop\u00a0\u00bb _builder_version=\u00a0\u00bb4.16&Prime; _module_preset=\u00a0\u00bbdefault\u00a0\u00bb custom_padding_tablet=\u00a0\u00bb||0px||false|false\u00a0\u00bb custom_padding_phone=\u00a0\u00bb||||false|false\u00a0\u00bb global_colors_info=\u00a0\u00bb{}\u00a0\u00bb][et_pb_column_inner saved_specialty_column_type=\u00a0\u00bb1_2&Prime; _builder_version=\u00a0\u00bb4.16&Prime; _module_preset=\u00a0\u00bbdefault\u00a0\u00bb global_colors_info=\u00a0\u00bb{}\u00a0\u00bb][et_pb_text _builder_version=\u00a0\u00bb4.16&Prime; _module_preset=\u00a0\u00bb41d5859c-fbaa-458a-88e4-5d886857f235&Prime; text_font=\u00a0\u00bbArchivo|500|||||||\u00a0\u00bb text_font_size=\u00a0\u00bb17px\u00a0\u00bb text_line_height=\u00a0\u00bb1.6em\u00a0\u00bb text_font_size_tablet=\u00a0\u00bb16px\u00a0\u00bb text_font_size_phone=\u00a0\u00bb13px\u00a0\u00bb text_font_size_last_edited=\u00a0\u00bbon|phone\u00a0\u00bb locked=\u00a0\u00bboff\u00a0\u00bb global_colors_info=\u00a0\u00bb{}\u00a0\u00bb][\/et_pb_text][\/et_pb_column_inner][\/et_pb_row_inner][\/et_pb_column][\/et_pb_section][et_pb_section fb_built=\u00a0\u00bb1&Prime; admin_label=\u00a0\u00bbCategories\u00a0\u00bb _builder_version=\u00a0\u00bb4.16&Prime; _module_preset=\u00a0\u00bbdefault\u00a0\u00bb global_colors_info=\u00a0\u00bb{}\u00a0\u00bb][et_pb_row _builder_version=\u00a0\u00bb4.16&Prime; _module_preset=\u00a0\u00bbdefault\u00a0\u00bb global_colors_info=\u00a0\u00bb{}\u00a0\u00bb][et_pb_column type=\u00a0\u00bb4_4&Prime; _builder_version=\u00a0\u00bb4.16&Prime; _module_preset=\u00a0\u00bbdefault\u00a0\u00bb global_colors_info=\u00a0\u00bb{}\u00a0\u00bb][et_pb_text _builder_version=\u00a0\u00bb4.27.4&Prime; _module_preset=\u00a0\u00bbdf96b77a-cd4f-44a8-a771-2d6347592b53&Prime; header_2_font=\u00a0\u00bbPlayfair Display|700|||||||\u00a0\u00bb header_2_text_align=\u00a0\u00bbcenter\u00a0\u00bb header_2_text_color=\u00a0\u00bb#191d23&Prime; header_2_font_size=\u00a0\u00bb50px\u00a0\u00bb header_2_line_height=\u00a0\u00bb1.25em\u00a0\u00bb custom_margin=\u00a0\u00bb||10px||false|false\u00a0\u00bb header_2_font_size_tablet=\u00a0\u00bb32px\u00a0\u00bb header_2_font_size_phone=\u00a0\u00bb31px\u00a0\u00bb header_2_font_size_last_edited=\u00a0\u00bbon|desktop\u00a0\u00bb global_colors_info=\u00a0\u00bb{}\u00a0\u00bb]<\/p>\n<h2>NOTRE CARTE<\/h2>\n<p>[\/et_pb_text][\/et_pb_column][\/et_pb_row][et_pb_row column_structure=\u00a0\u00bb1_3,1_3,1_3&Prime; _builder_version=\u00a0\u00bb4.27.4&Prime; _module_preset=\u00a0\u00bbdefault\u00a0\u00bb global_colors_info=\u00a0\u00bb{}\u00a0\u00bb][et_pb_column type=\u00a0\u00bb1_3&Prime; _builder_version=\u00a0\u00bb4.27.4&Prime; _module_preset=\u00a0\u00bbdefault\u00a0\u00bb link_option_url=\u00a0\u00bbhttps:\/\/supexup.formatome.fr\/2025-2026\/RPMC\/5\/carte-2026\/#boissons\u00a0\u00bb global_colors_info=\u00a0\u00bb{}\u00a0\u00bb][et_pb_blurb title=\u00a0\u00bbBoissons\u00a0\u00bb image=\u00a0\u00bbhttp:\/\/supexup.formatome.fr\/2025-2026\/RPMC\/5\/wp-content\/uploads\/2026\/03\/WhatsApp-Image-2026-03-02-at-10.13.04-2.jpeg\u00a0\u00bb content_max_width=\u00a0\u00bb100%\u00a0\u00bb _builder_version=\u00a0\u00bb4.27.4&Prime; _module_preset=\u00a0\u00bb58e41a12-d2dc-4bc3-82a3-e7e2a77a32bd\u00a0\u00bb header_font=\u00a0\u00bbPlayfair Display|700|||||||\u00a0\u00bb header_font_size=\u00a0\u00bb26px\u00a0\u00bb body_font=\u00a0\u00bbArchivo|500|||||||\u00a0\u00bb body_line_height=\u00a0\u00bb1.6em\u00a0\u00bb text_orientation=\u00a0\u00bbcenter\u00a0\u00bb animation=\u00a0\u00bboff\u00a0\u00bb header_font_size_tablet=\u00a0\u00bb20px\u00a0\u00bb header_font_size_phone=\u00a0\u00bb18px\u00a0\u00bb header_font_size_last_edited=\u00a0\u00bbon|desktop\u00a0\u00bb box_shadow_style_image=\u00a0\u00bbpreset3&Prime; box_shadow_vertical_image=\u00a0\u00bb0px\u00a0\u00bb box_shadow_blur_image=\u00a0\u00bb0px\u00a0\u00bb box_shadow_spread_image=\u00a0\u00bb0px\u00a0\u00bb box_shadow_color_image=\u00a0\u00bbRGBA(255,255,255,0)\u00a0\u00bb global_colors_info=\u00a0\u00bb{}\u00a0\u00bb box_shadow_vertical_image__hover_enabled=\u00a0\u00bbon|hover\u00a0\u00bb box_shadow_blur_image__hover_enabled=\u00a0\u00bbon|desktop\u00a0\u00bb box_shadow_spread_image__hover_enabled=\u00a0\u00bbon|desktop\u00a0\u00bb box_shadow_color_image__hover_enabled=\u00a0\u00bbon|desktop\u00a0\u00bb box_shadow_vertical_image__hover=\u00a0\u00bb40px\u00a0\u00bb box_shadow_blur_image__hover=\u00a0\u00bb90px\u00a0\u00bb box_shadow_spread_image__hover=\u00a0\u00bb-25px\u00a0\u00bb box_shadow_color_image__hover=\u00a0\u00bbrgba(0,0,0,0.25)\u00a0\u00bb]<\/p>\n<p data-start=\"77\" data-end=\"290\">D\u00e9couvrez notre s\u00e9lection de cocktails, mocktails et boissons rafra\u00eechissantes, pr\u00e9par\u00e9s avec soin. Des grands classiques aux cr\u00e9ations originales, chaque verre est pens\u00e9 pour sublimer votre moment.<\/p>\n<p data-start=\"292\" data-end=\"480\">\n<p>[\/et_pb_blurb][\/et_pb_column][et_pb_column type=\u00a0\u00bb1_3&Prime; _builder_version=\u00a0\u00bb4.27.4&Prime; _module_preset=\u00a0\u00bbdefault\u00a0\u00bb link_option_url=\u00a0\u00bbhttps:\/\/supexup.formatome.fr\/2025-2026\/RPMC\/5\/carte-2026\/#cave\u00a0\u00bb global_colors_info=\u00a0\u00bb{}\u00a0\u00bb][et_pb_blurb title=\u00a0\u00bbCave \u00a0\u00bb image=\u00a0\u00bbhttp:\/\/supexup.formatome.fr\/2025-2026\/RPMC\/5\/wp-content\/uploads\/2026\/03\/WhatsApp-Image-2026-03-02-at-10.13.04-4.jpeg\u00a0\u00bb content_max_width=\u00a0\u00bb100%\u00a0\u00bb _builder_version=\u00a0\u00bb4.27.4&Prime; _module_preset=\u00a0\u00bb58e41a12-d2dc-4bc3-82a3-e7e2a77a32bd\u00a0\u00bb header_font=\u00a0\u00bbPlayfair Display|700|||||||\u00a0\u00bb header_font_size=\u00a0\u00bb26px\u00a0\u00bb body_font=\u00a0\u00bbArchivo|500|||||||\u00a0\u00bb body_line_height=\u00a0\u00bb1.6em\u00a0\u00bb text_orientation=\u00a0\u00bbcenter\u00a0\u00bb animation=\u00a0\u00bboff\u00a0\u00bb header_font_size_tablet=\u00a0\u00bb20px\u00a0\u00bb header_font_size_phone=\u00a0\u00bb18px\u00a0\u00bb header_font_size_last_edited=\u00a0\u00bbon|desktop\u00a0\u00bb box_shadow_style_image=\u00a0\u00bbpreset3&Prime; box_shadow_vertical_image=\u00a0\u00bb0px\u00a0\u00bb box_shadow_blur_image=\u00a0\u00bb0px\u00a0\u00bb box_shadow_spread_image=\u00a0\u00bb0px\u00a0\u00bb box_shadow_color_image=\u00a0\u00bbRGBA(255,255,255,0)\u00a0\u00bb global_colors_info=\u00a0\u00bb{}\u00a0\u00bb box_shadow_vertical_image__hover_enabled=\u00a0\u00bbon|hover\u00a0\u00bb box_shadow_blur_image__hover_enabled=\u00a0\u00bbon|desktop\u00a0\u00bb box_shadow_spread_image__hover_enabled=\u00a0\u00bbon|desktop\u00a0\u00bb box_shadow_color_image__hover_enabled=\u00a0\u00bbon|desktop\u00a0\u00bb box_shadow_vertical_image__hover=\u00a0\u00bb40px\u00a0\u00bb box_shadow_blur_image__hover=\u00a0\u00bb90px\u00a0\u00bb box_shadow_spread_image__hover=\u00a0\u00bb-25px\u00a0\u00bb box_shadow_color_image__hover=\u00a0\u00bbrgba(0,0,0,0.25)\u00a0\u00bb]<\/p>\n<p data-start=\"292\" data-end=\"480\">Explorez notre cave et laissez-vous s\u00e9duire par une s\u00e9lection de vins choisis avec passion. Des d\u00e9couvertes locales aux belles r\u00e9f\u00e9rences, chaque bouteille raconte une histoire.<\/p>\n<p data-start=\"482\" data-end=\"654\">\n<p>[\/et_pb_blurb][\/et_pb_column][et_pb_column type=\u00a0\u00bb1_3&Prime; _builder_version=\u00a0\u00bb4.27.4&Prime; _module_preset=\u00a0\u00bbdefault\u00a0\u00bb link_option_url=\u00a0\u00bbhttps:\/\/supexup.formatome.fr\/2025-2026\/RPMC\/5\/carte-2026\/#tapas\u00a0\u00bb global_colors_info=\u00a0\u00bb{}\u00a0\u00bb][et_pb_blurb title=\u00a0\u00bbTapas\u00a0\u00bb image=\u00a0\u00bbhttp:\/\/supexup.formatome.fr\/2025-2026\/RPMC\/5\/wp-content\/uploads\/2026\/03\/WhatsApp-Image-2026-03-02-at-10.13.04-1.jpeg\u00a0\u00bb content_max_width=\u00a0\u00bb100%\u00a0\u00bb _builder_version=\u00a0\u00bb4.27.4&Prime; _module_preset=\u00a0\u00bb58e41a12-d2dc-4bc3-82a3-e7e2a77a32bd\u00a0\u00bb header_font=\u00a0\u00bbPlayfair Display|700|||||||\u00a0\u00bb header_font_size=\u00a0\u00bb26px\u00a0\u00bb body_font=\u00a0\u00bbArchivo|500|||||||\u00a0\u00bb body_line_height=\u00a0\u00bb1.6em\u00a0\u00bb text_orientation=\u00a0\u00bbcenter\u00a0\u00bb animation=\u00a0\u00bboff\u00a0\u00bb header_font_size_tablet=\u00a0\u00bb20px\u00a0\u00bb header_font_size_phone=\u00a0\u00bb18px\u00a0\u00bb header_font_size_last_edited=\u00a0\u00bbon|desktop\u00a0\u00bb box_shadow_style_image=\u00a0\u00bbpreset3&Prime; box_shadow_vertical_image=\u00a0\u00bb0px\u00a0\u00bb box_shadow_blur_image=\u00a0\u00bb0px\u00a0\u00bb box_shadow_spread_image=\u00a0\u00bb0px\u00a0\u00bb box_shadow_color_image=\u00a0\u00bbRGBA(255,255,255,0)\u00a0\u00bb global_colors_info=\u00a0\u00bb{}\u00a0\u00bb box_shadow_vertical_image__hover_enabled=\u00a0\u00bbon|hover\u00a0\u00bb box_shadow_blur_image__hover_enabled=\u00a0\u00bbon|desktop\u00a0\u00bb box_shadow_spread_image__hover_enabled=\u00a0\u00bbon|desktop\u00a0\u00bb box_shadow_color_image__hover_enabled=\u00a0\u00bbon|desktop\u00a0\u00bb box_shadow_vertical_image__hover=\u00a0\u00bb40px\u00a0\u00bb box_shadow_blur_image__hover=\u00a0\u00bb90px\u00a0\u00bb box_shadow_spread_image__hover=\u00a0\u00bb-25px\u00a0\u00bb box_shadow_color_image__hover=\u00a0\u00bbrgba(0,0,0,0.25)\u00a0\u00bb]<\/p>\n<p data-start=\"482\" data-end=\"654\">Partagez un moment convivial autour de nos tapas gourmandes. Charcuteries, fromages et sp\u00e9cialit\u00e9s maison : l\u2019id\u00e9al pour un ap\u00e9ritif entre amis ou en famille.<\/p>\n<p data-start=\"656\" data-end=\"754\" data-is-last-node=\"\" data-is-only-node=\"\">\n<p>[\/et_pb_blurb][\/et_pb_column][\/et_pb_row][et_pb_row column_structure=\u00a0\u00bb1_3,1_3,1_3&Prime; _builder_version=\u00a0\u00bb4.27.4&Prime; _module_preset=\u00a0\u00bbdefault\u00a0\u00bb global_colors_info=\u00a0\u00bb{}\u00a0\u00bb][et_pb_column type=\u00a0\u00bb1_3&Prime; _builder_version=\u00a0\u00bb4.27.4&Prime; _module_preset=\u00a0\u00bbdefault\u00a0\u00bb link_option_url=\u00a0\u00bbhttps:\/\/supexup.formatome.fr\/2025-2026\/RPMC\/5\/carte-2026\/#entr\u00e9es\u00a0\u00bb global_colors_info=\u00a0\u00bb{}\u00a0\u00bb][et_pb_blurb title=\u00a0\u00bbEntr\u00e9es\u00a0\u00bb image=\u00a0\u00bbhttp:\/\/supexup.formatome.fr\/2025-2026\/RPMC\/5\/wp-content\/uploads\/2026\/03\/WhatsApp-Image-2026-03-02-at-10.17.23.jpeg\u00a0\u00bb content_max_width=\u00a0\u00bb100%\u00a0\u00bb _builder_version=\u00a0\u00bb4.27.4&Prime; _module_preset=\u00a0\u00bb58e41a12-d2dc-4bc3-82a3-e7e2a77a32bd\u00a0\u00bb header_font=\u00a0\u00bbPlayfair Display|700|||||||\u00a0\u00bb header_font_size=\u00a0\u00bb26px\u00a0\u00bb body_font=\u00a0\u00bbArchivo|500|||||||\u00a0\u00bb body_line_height=\u00a0\u00bb1.6em\u00a0\u00bb text_orientation=\u00a0\u00bbcenter\u00a0\u00bb animation=\u00a0\u00bboff\u00a0\u00bb hover_enabled=\u00a0\u00bb0&Prime; header_font_size_tablet=\u00a0\u00bb20px\u00a0\u00bb header_font_size_phone=\u00a0\u00bb18px\u00a0\u00bb header_font_size_last_edited=\u00a0\u00bbon|desktop\u00a0\u00bb box_shadow_style_image=\u00a0\u00bbpreset3&Prime; box_shadow_vertical_image=\u00a0\u00bb0px\u00a0\u00bb box_shadow_blur_image=\u00a0\u00bb0px\u00a0\u00bb box_shadow_spread_image=\u00a0\u00bb0px\u00a0\u00bb box_shadow_color_image=\u00a0\u00bbRGBA(255,255,255,0)\u00a0\u00bb global_colors_info=\u00a0\u00bb{}\u00a0\u00bb box_shadow_vertical_image__hover_enabled=\u00a0\u00bbon|hover\u00a0\u00bb box_shadow_blur_image__hover_enabled=\u00a0\u00bbon|desktop\u00a0\u00bb box_shadow_spread_image__hover_enabled=\u00a0\u00bbon|desktop\u00a0\u00bb box_shadow_color_image__hover_enabled=\u00a0\u00bbon|desktop\u00a0\u00bb box_shadow_vertical_image__hover=\u00a0\u00bb40px\u00a0\u00bb box_shadow_blur_image__hover=\u00a0\u00bb90px\u00a0\u00bb box_shadow_spread_image__hover=\u00a0\u00bb-25px\u00a0\u00bb box_shadow_color_image__hover=\u00a0\u00bbrgba(0,0,0,0.25)\u00a0\u00bb sticky_enabled=\u00a0\u00bb0&Prime; image_icon_width=\u00a0\u00bb98%\u00a0\u00bb]<\/p>\n<p data-start=\"45\" data-end=\"226\">Commencez votre repas en douceur avec nos entr\u00e9es pr\u00e9par\u00e9es \u00e0 partir de produits frais et de saison. Des recettes savoureuses et \u00e9quilibr\u00e9es pour \u00e9veiller vos papilles.<\/p>\n<p data-start=\"228\" data-end=\"400\">[\/et_pb_blurb][\/et_pb_column][et_pb_column type=\u00a0\u00bb1_3&Prime; _builder_version=\u00a0\u00bb4.27.4&Prime; _module_preset=\u00a0\u00bbdefault\u00a0\u00bb link_option_url=\u00a0\u00bbhttps:\/\/supexup.formatome.fr\/2025-2026\/RPMC\/5\/carte-2026\/#plats\u00a0\u00bb global_colors_info=\u00a0\u00bb{}\u00a0\u00bb][et_pb_blurb title=\u00a0\u00bbPlats\u00a0\u00bb image=\u00a0\u00bbhttp:\/\/supexup.formatome.fr\/2025-2026\/RPMC\/5\/wp-content\/uploads\/2026\/03\/WhatsApp-Image-2026-03-02-at-10.13.04-5.jpeg\u00a0\u00bb content_max_width=\u00a0\u00bb100%\u00a0\u00bb _builder_version=\u00a0\u00bb4.27.4&Prime; _module_preset=\u00a0\u00bb58e41a12-d2dc-4bc3-82a3-e7e2a77a32bd\u00a0\u00bb header_font=\u00a0\u00bbPlayfair Display|700|||||||\u00a0\u00bb header_font_size=\u00a0\u00bb26px\u00a0\u00bb body_font=\u00a0\u00bbArchivo|500|||||||\u00a0\u00bb body_line_height=\u00a0\u00bb1.6em\u00a0\u00bb text_orientation=\u00a0\u00bbcenter\u00a0\u00bb animation=\u00a0\u00bboff\u00a0\u00bb hover_enabled=\u00a0\u00bb0&Prime; header_font_size_tablet=\u00a0\u00bb20px\u00a0\u00bb header_font_size_phone=\u00a0\u00bb18px\u00a0\u00bb header_font_size_last_edited=\u00a0\u00bbon|desktop\u00a0\u00bb box_shadow_style_image=\u00a0\u00bbpreset3&Prime; box_shadow_vertical_image=\u00a0\u00bb0px\u00a0\u00bb box_shadow_blur_image=\u00a0\u00bb0px\u00a0\u00bb box_shadow_spread_image=\u00a0\u00bb0px\u00a0\u00bb box_shadow_color_image=\u00a0\u00bbRGBA(255,255,255,0)\u00a0\u00bb global_colors_info=\u00a0\u00bb{}\u00a0\u00bb box_shadow_vertical_image__hover_enabled=\u00a0\u00bbon|hover\u00a0\u00bb box_shadow_blur_image__hover_enabled=\u00a0\u00bbon|desktop\u00a0\u00bb box_shadow_spread_image__hover_enabled=\u00a0\u00bbon|desktop\u00a0\u00bb box_shadow_color_image__hover_enabled=\u00a0\u00bbon|desktop\u00a0\u00bb box_shadow_vertical_image__hover=\u00a0\u00bb40px\u00a0\u00bb box_shadow_blur_image__hover=\u00a0\u00bb90px\u00a0\u00bb box_shadow_spread_image__hover=\u00a0\u00bb-25px\u00a0\u00bb box_shadow_color_image__hover=\u00a0\u00bbrgba(0,0,0,0.25)\u00a0\u00bb image_icon_width=\u00a0\u00bb200%\u00a0\u00bb sticky_enabled=\u00a0\u00bb0&Prime;]<\/p>\n<p data-start=\"228\" data-end=\"400\">Laissez-vous s\u00e9duire par nos plats g\u00e9n\u00e9reux et gourmands, \u00e9labor\u00e9s avec passion par notre chef. Une cuisine authentique qui allie saveurs, cr\u00e9ativit\u00e9 et qualit\u00e9.<\/p>\n<p data-start=\"402\" data-end=\"588\">[\/et_pb_blurb][\/et_pb_column][et_pb_column type=\u00a0\u00bb1_3&Prime; _builder_version=\u00a0\u00bb4.27.4&Prime; _module_preset=\u00a0\u00bbdefault\u00a0\u00bb link_option_url=\u00a0\u00bbhttps:\/\/supexup.formatome.fr\/2025-2026\/RPMC\/5\/carte-2026\/#fromagedessert\u00a0\u00bb global_colors_info=\u00a0\u00bb{}\u00a0\u00bb][et_pb_blurb title=\u00a0\u00bbFromages\/Desserts\u00a0\u00bb image=\u00a0\u00bbhttp:\/\/supexup.formatome.fr\/2025-2026\/RPMC\/5\/wp-content\/uploads\/2026\/03\/WhatsApp-Image-2026-03-02-at-10.13.04-3.jpeg\u00a0\u00bb content_max_width=\u00a0\u00bb100%\u00a0\u00bb _builder_version=\u00a0\u00bb4.27.4&Prime; _module_preset=\u00a0\u00bb58e41a12-d2dc-4bc3-82a3-e7e2a77a32bd\u00a0\u00bb header_font=\u00a0\u00bbPlayfair Display|700|||||||\u00a0\u00bb header_font_size=\u00a0\u00bb26px\u00a0\u00bb body_font=\u00a0\u00bbArchivo|500|||||||\u00a0\u00bb body_line_height=\u00a0\u00bb1.6em\u00a0\u00bb text_orientation=\u00a0\u00bbcenter\u00a0\u00bb animation=\u00a0\u00bboff\u00a0\u00bb hover_enabled=\u00a0\u00bb0&Prime; header_font_size_tablet=\u00a0\u00bb20px\u00a0\u00bb header_font_size_phone=\u00a0\u00bb18px\u00a0\u00bb header_font_size_last_edited=\u00a0\u00bbon|desktop\u00a0\u00bb box_shadow_style_image=\u00a0\u00bbpreset3&Prime; box_shadow_vertical_image=\u00a0\u00bb0px\u00a0\u00bb box_shadow_blur_image=\u00a0\u00bb0px\u00a0\u00bb box_shadow_spread_image=\u00a0\u00bb0px\u00a0\u00bb box_shadow_color_image=\u00a0\u00bbRGBA(255,255,255,0)\u00a0\u00bb global_colors_info=\u00a0\u00bb{}\u00a0\u00bb box_shadow_vertical_image__hover_enabled=\u00a0\u00bbon|hover\u00a0\u00bb box_shadow_blur_image__hover_enabled=\u00a0\u00bbon|desktop\u00a0\u00bb box_shadow_spread_image__hover_enabled=\u00a0\u00bbon|desktop\u00a0\u00bb box_shadow_color_image__hover_enabled=\u00a0\u00bbon|desktop\u00a0\u00bb box_shadow_vertical_image__hover=\u00a0\u00bb40px\u00a0\u00bb box_shadow_blur_image__hover=\u00a0\u00bb90px\u00a0\u00bb box_shadow_spread_image__hover=\u00a0\u00bb-25px\u00a0\u00bb box_shadow_color_image__hover=\u00a0\u00bbrgba(0,0,0,0.25)\u00a0\u00bb image_icon_width=\u00a0\u00bb99%\u00a0\u00bb sticky_enabled=\u00a0\u00bb0&Prime;]<\/p>\n<p data-start=\"402\" data-end=\"588\">Terminez sur une note d\u00e9licate avec notre s\u00e9lection de fromages affin\u00e9s ou nos desserts maison. Une touche finale gourmande pour cl\u00f4turer votre repas en beaut\u00e9.<\/p>\n<p data-start=\"590\" data-end=\"669\" data-is-last-node=\"\" data-is-only-node=\"\">[\/et_pb_blurb][\/et_pb_column][\/et_pb_row][\/et_pb_section]<\/p>\n","protected":false},"excerpt":{"rendered":"<p>LA MAISON DES COPAINS\u00a0Bienvenue dans\u00a0 LA CARTE NOTRE CARTED\u00e9couvrez notre s\u00e9lection de cocktails, mocktails et boissons rafra\u00eechissantes, pr\u00e9par\u00e9s avec soin. Des grands classiques aux cr\u00e9ations originales, chaque verre est pens\u00e9 pour sublimer votre moment. Explorez notre cave et laissez-vous s\u00e9duire par une s\u00e9lection de vins choisis avec passion. Des d\u00e9couvertes locales aux belles r\u00e9f\u00e9rences, chaque [&hellip;]<\/p>\n","protected":false},"author":2,"featured_media":0,"parent":0,"menu_order":0,"comment_status":"closed","ping_status":"closed","template":"","meta":{"_et_pb_use_builder":"on","_et_pb_old_content":"","_et_gb_content_width":"","footnotes":""},"class_list":["post-154","page","type-page","status-publish","hentry"],"jetpack_sharing_enabled":true,"_links":{"self":[{"href":"https:\/\/supexup.formatome.fr\/2025-2026\/RPMC\/5\/wp-json\/wp\/v2\/pages\/154","targetHints":{"allow":["GET"]}}],"collection":[{"href":"https:\/\/supexup.formatome.fr\/2025-2026\/RPMC\/5\/wp-json\/wp\/v2\/pages"}],"about":[{"href":"https:\/\/supexup.formatome.fr\/2025-2026\/RPMC\/5\/wp-json\/wp\/v2\/types\/page"}],"author":[{"embeddable":true,"href":"https:\/\/supexup.formatome.fr\/2025-2026\/RPMC\/5\/wp-json\/wp\/v2\/users\/2"}],"replies":[{"embeddable":true,"href":"https:\/\/supexup.formatome.fr\/2025-2026\/RPMC\/5\/wp-json\/wp\/v2\/comments?post=154"}],"version-history":[{"count":12,"href":"https:\/\/supexup.formatome.fr\/2025-2026\/RPMC\/5\/wp-json\/wp\/v2\/pages\/154\/revisions"}],"predecessor-version":[{"id":432,"href":"https:\/\/supexup.formatome.fr\/2025-2026\/RPMC\/5\/wp-json\/wp\/v2\/pages\/154\/revisions\/432"}],"wp:attachment":[{"href":"https:\/\/supexup.formatome.fr\/2025-2026\/RPMC\/5\/wp-json\/wp\/v2\/media?parent=154"}],"curies":[{"name":"wp","href":"https:\/\/api.w.org\/{rel}","templated":true}]}}