{"id":347,"date":"2026-04-13T10:22:30","date_gmt":"2026-04-13T08:22:30","guid":{"rendered":"https:\/\/supexup.formatome.fr\/2025-2026\/RPMC\/2\/?post_type=product&#038;p=347"},"modified":"2026-04-13T10:22:30","modified_gmt":"2026-04-13T08:22:30","slug":"lechappee-sunset-evasion-en-mer-a-bonifacio","status":"publish","type":"product","link":"https:\/\/supexup.formatome.fr\/2025-2026\/RPMC\/2\/product\/lechappee-sunset-evasion-en-mer-a-bonifacio\/","title":{"rendered":"L\u2019\u00c9chapp\u00e9e Sunset \u2013 \u00c9vasion en Mer \u00e0 Bonifacio"},"content":{"rendered":"<p data-start=\"227\" data-end=\"489\">Offrez-vous une parenth\u00e8se hors du temps au large de Bonifacio, lors d\u2019une balade en mer au c\u0153ur de l\u2019un des plus beaux paysages de M\u00e9diterran\u00e9e.<br data-start=\"372\" data-end=\"375\" \/>\u00c0 bord d\u2019un bateau \u00e9l\u00e9gant, laissez-vous porter entre falaises calcaires, criques secr\u00e8tes et eaux cristallines.<\/p>\n<p data-start=\"491\" data-end=\"732\">\u00c0 mesure que le soleil se couche, les falaises s\u2019illuminent de teintes dor\u00e9es, offrant un spectacle naturel saisissant.<br data-start=\"610\" data-end=\"613\" \/>Entre baignade, d\u00e9tente et contemplation face \u00e0 l\u2019horizon, chaque instant devient une exp\u00e9rience rare et privil\u00e9gi\u00e9e.<\/p>\n<p data-start=\"734\" data-end=\"837\">Une \u00e9chapp\u00e9e spectaculaire et intimiste, id\u00e9ale pour vivre la mer autrement, dans un cadre d\u2019exception.<\/p>\n<h3 data-section-id=\"1mx76mn\" data-start=\"844\" data-end=\"877\">\u00a0Inclus dans cette \u00e9chapp\u00e9e<\/h3>\n<ul data-start=\"879\" data-end=\"1062\">\n<li data-section-id=\"4uvpal\" data-start=\"879\" data-end=\"922\">Balade en bateau au d\u00e9part de Bonifacio<\/li>\n<li data-section-id=\"fdiqpa\" data-start=\"923\" data-end=\"969\">Navigation le long des falaises et criques<\/li>\n<li data-section-id=\"4a3or2\" data-start=\"970\" data-end=\"1007\">Arr\u00eat baignade (selon conditions)<\/li>\n<li data-section-id=\"19q22pg\" data-start=\"1008\" data-end=\"1038\">Ap\u00e9ritif ou boisson \u00e0 bord<\/li>\n<li data-section-id=\"ycq5xm\" data-start=\"1039\" data-end=\"1062\">Skipper exp\u00e9riment\u00e9<\/li>\n<\/ul>\n<h3 data-section-id=\"1k8ut2j\" data-start=\"1069\" data-end=\"1099\">\u00a0Options personnalisables<\/h3>\n<ul data-start=\"1101\" data-end=\"1234\">\n<li data-section-id=\"sch4fk\" data-start=\"1101\" data-end=\"1128\">Privatisation du bateau<\/li>\n<li data-section-id=\"7xx3e1\" data-start=\"1129\" data-end=\"1150\">Champagne premium<\/li>\n<li data-section-id=\"14n6vb5\" data-start=\"1151\" data-end=\"1185\">Plateau ap\u00e9ritif \/ d\u00eener l\u00e9ger<\/li>\n<li data-section-id=\"e8xcbv\" data-start=\"1186\" data-end=\"1211\">Musique personnalis\u00e9e<\/li>\n<li data-section-id=\"1dzca0m\" data-start=\"1212\" data-end=\"1234\">Photographe \u00e0 bord<\/li>\n<\/ul>\n<h3 data-section-id=\"h6t6b7\" data-start=\"1241\" data-end=\"1260\">\u00a0Points forts<\/h3>\n<ul data-start=\"1262\" data-end=\"1410\">\n<li data-section-id=\"1ruy5jc\" data-start=\"1262\" data-end=\"1310\">Falaises spectaculaires au coucher de soleil<\/li>\n<li data-section-id=\"jphe65\" data-start=\"1311\" data-end=\"1343\">Cadre unique et tr\u00e8s premium<\/li>\n<li data-section-id=\"13q23q4\" data-start=\"1344\" data-end=\"1375\">Exp\u00e9rience immersive en mer<\/li>\n<li data-section-id=\"16reute\" data-start=\"1376\" data-end=\"1410\">Moment exclusif et inoubliable<\/li>\n<\/ul>\n","protected":false},"excerpt":{"rendered":"<p>Offrez-vous une parenth\u00e8se hors du temps au large de Bonifacio, lors d\u2019une balade en mer au c\u0153ur de l\u2019un des plus beaux paysages de M\u00e9diterran\u00e9e.\u00c0 bord d\u2019un bateau \u00e9l\u00e9gant, laissez-vous porter entre falaises calcaires, criques secr\u00e8tes et eaux cristallines. \u00c0 mesure que le soleil se couche, les falaises s\u2019illuminent de teintes dor\u00e9es, offrant un spectacle [&hellip;]<\/p>\n","protected":false},"featured_media":349,"comment_status":"open","ping_status":"closed","template":"","meta":{"_et_pb_use_builder":"","_et_pb_old_content":"","_et_gb_content_width":""},"product_brand":[],"product_cat":[16],"product_tag":[],"class_list":{"0":"post-347","1":"product","2":"type-product","3":"status-publish","4":"has-post-thumbnail","6":"product_cat-uncategorized","8":"first","9":"instock","10":"shipping-taxable","11":"purchasable","12":"product-type-simple"},"_links":{"self":[{"href":"https:\/\/supexup.formatome.fr\/2025-2026\/RPMC\/2\/wp-json\/wp\/v2\/product\/347","targetHints":{"allow":["GET"]}}],"collection":[{"href":"https:\/\/supexup.formatome.fr\/2025-2026\/RPMC\/2\/wp-json\/wp\/v2\/product"}],"about":[{"href":"https:\/\/supexup.formatome.fr\/2025-2026\/RPMC\/2\/wp-json\/wp\/v2\/types\/product"}],"replies":[{"embeddable":true,"href":"https:\/\/supexup.formatome.fr\/2025-2026\/RPMC\/2\/wp-json\/wp\/v2\/comments?post=347"}],"wp:featuredmedia":[{"embeddable":true,"href":"https:\/\/supexup.formatome.fr\/2025-2026\/RPMC\/2\/wp-json\/wp\/v2\/media\/349"}],"wp:attachment":[{"href":"https:\/\/supexup.formatome.fr\/2025-2026\/RPMC\/2\/wp-json\/wp\/v2\/media?parent=347"}],"wp:term":[{"taxonomy":"product_brand","embeddable":true,"href":"https:\/\/supexup.formatome.fr\/2025-2026\/RPMC\/2\/wp-json\/wp\/v2\/product_brand?post=347"},{"taxonomy":"product_cat","embeddable":true,"href":"https:\/\/supexup.formatome.fr\/2025-2026\/RPMC\/2\/wp-json\/wp\/v2\/product_cat?post=347"},{"taxonomy":"product_tag","embeddable":true,"href":"https:\/\/supexup.formatome.fr\/2025-2026\/RPMC\/2\/wp-json\/wp\/v2\/product_tag?post=347"}],"curies":[{"name":"wp","href":"https:\/\/api.w.org\/{rel}","templated":true}]}}