{"id":341,"date":"2026-04-13T09:59:42","date_gmt":"2026-04-13T07:59:42","guid":{"rendered":"https:\/\/supexup.formatome.fr\/2025-2026\/RPMC\/2\/?post_type=product&#038;p=341"},"modified":"2026-04-13T09:59:42","modified_gmt":"2026-04-13T07:59:42","slug":"lechappee-panorama-survol-du-mont-blanc","status":"publish","type":"product","link":"https:\/\/supexup.formatome.fr\/2025-2026\/RPMC\/2\/product\/lechappee-panorama-survol-du-mont-blanc\/","title":{"rendered":"L\u2019\u00c9chapp\u00e9e Panorama \u2013 Survol du Mont-Blanc"},"content":{"rendered":"<p data-start=\"199\" data-end=\"506\">Offrez-vous une exp\u00e9rience unique en prenant de la hauteur au-dessus des Alpes, pour un survol inoubliable du massif du Mont-Blanc.<br data-start=\"330\" data-end=\"333\" \/>Depuis Chamonix, embarquez \u00e0 bord d\u2019un h\u00e9licopt\u00e8re et laissez-vous porter par des panoramas spectaculaires, entre glaciers majestueux, sommets enneig\u00e9s et vall\u00e9es alpines.<\/p>\n<p data-start=\"508\" data-end=\"731\">Chaque instant r\u00e9v\u00e8le la grandeur des paysages, dans une perspective rare et saisissante.<br data-start=\"597\" data-end=\"600\" \/>Entre \u00e9motion, \u00e9merveillement et sensation de libert\u00e9, cette \u00e9chapp\u00e9e promet une immersion hors du commun au c\u0153ur de la montagne.<\/p>\n<p data-start=\"733\" data-end=\"836\">Une exp\u00e9rience d\u2019exception, id\u00e9ale pour c\u00e9l\u00e9brer un moment unique ou simplement vivre l\u2019Alpe autrement.<\/p>\n<h3 data-section-id=\"1mx76mn\" data-start=\"843\" data-end=\"876\">\u00a0Inclus dans cette \u00e9chapp\u00e9e<\/h3>\n<ul data-start=\"878\" data-end=\"1062\">\n<li data-section-id=\"n1g29p\" data-start=\"878\" data-end=\"922\">Vol en h\u00e9licopt\u00e8re au d\u00e9part de Chamonix<\/li>\n<li data-section-id=\"80nmbh\" data-start=\"923\" data-end=\"957\">Survol du massif du Mont-Blanc<\/li>\n<li data-section-id=\"1k0934y\" data-start=\"958\" data-end=\"982\">Pilote professionnel<\/li>\n<li data-section-id=\"1nx7ez\" data-start=\"983\" data-end=\"1005\">Briefing avant vol<\/li>\n<li data-section-id=\"18zbxq7\" data-start=\"1006\" data-end=\"1062\">Exp\u00e9rience en petit groupe ou privatisation possible<\/li>\n<\/ul>\n<h3 data-section-id=\"1k8ut2j\" data-start=\"1069\" data-end=\"1099\">\u00a0Options personnalisables<\/h3>\n<ul data-start=\"1101\" data-end=\"1269\">\n<li data-section-id=\"cdzgbq\" data-start=\"1101\" data-end=\"1118\">Vol privatis\u00e9<\/li>\n<li data-section-id=\"wicb5w\" data-start=\"1119\" data-end=\"1158\">Coupe de champagne \u00e0 l\u2019atterrissage<\/li>\n<li data-section-id=\"1t3l94e\" data-start=\"1159\" data-end=\"1192\">Photographe \/ vid\u00e9o embarqu\u00e9e<\/li>\n<li data-section-id=\"1as08o6\" data-start=\"1193\" data-end=\"1225\">Extension de la dur\u00e9e de vol<\/li>\n<li data-section-id=\"2w69w3\" data-start=\"1226\" data-end=\"1269\">Pack \u201c\u00e9v\u00e9nement\u201d (anniversaire, demande\u2026)<\/li>\n<\/ul>\n<h3 data-section-id=\"1i2jvr1\" data-start=\"1276\" data-end=\"1295\">\u00a0Points forts<\/h3>\n<ul data-start=\"1297\" data-end=\"1421\">\n<li data-section-id=\"1uv2efl\" data-start=\"1297\" data-end=\"1331\">Vue panoramique exceptionnelle<\/li>\n<li data-section-id=\"1oage29\" data-start=\"1332\" data-end=\"1364\">Exp\u00e9rience rare et m\u00e9morable<\/li>\n<li data-section-id=\"4np6pt\" data-start=\"1365\" data-end=\"1396\">Sensation unique de libert\u00e9<\/li>\n<li data-section-id=\"1rf909s\" data-start=\"1397\" data-end=\"1421\">Cadre alpin iconique<\/li>\n<\/ul>\n","protected":false},"excerpt":{"rendered":"<p>Offrez-vous une exp\u00e9rience unique en prenant de la hauteur au-dessus des Alpes, pour un survol inoubliable du massif du Mont-Blanc.<\/p>\n","protected":false},"featured_media":345,"comment_status":"open","ping_status":"closed","template":"","meta":{"_et_pb_use_builder":"","_et_pb_old_content":"","_et_gb_content_width":""},"product_brand":[],"product_cat":[16],"product_tag":[],"class_list":{"0":"post-341","1":"product","2":"type-product","3":"status-publish","4":"has-post-thumbnail","6":"product_cat-uncategorized","8":"first","9":"instock","10":"shipping-taxable","11":"purchasable","12":"product-type-simple"},"_links":{"self":[{"href":"https:\/\/supexup.formatome.fr\/2025-2026\/RPMC\/2\/wp-json\/wp\/v2\/product\/341","targetHints":{"allow":["GET"]}}],"collection":[{"href":"https:\/\/supexup.formatome.fr\/2025-2026\/RPMC\/2\/wp-json\/wp\/v2\/product"}],"about":[{"href":"https:\/\/supexup.formatome.fr\/2025-2026\/RPMC\/2\/wp-json\/wp\/v2\/types\/product"}],"replies":[{"embeddable":true,"href":"https:\/\/supexup.formatome.fr\/2025-2026\/RPMC\/2\/wp-json\/wp\/v2\/comments?post=341"}],"wp:featuredmedia":[{"embeddable":true,"href":"https:\/\/supexup.formatome.fr\/2025-2026\/RPMC\/2\/wp-json\/wp\/v2\/media\/345"}],"wp:attachment":[{"href":"https:\/\/supexup.formatome.fr\/2025-2026\/RPMC\/2\/wp-json\/wp\/v2\/media?parent=341"}],"wp:term":[{"taxonomy":"product_brand","embeddable":true,"href":"https:\/\/supexup.formatome.fr\/2025-2026\/RPMC\/2\/wp-json\/wp\/v2\/product_brand?post=341"},{"taxonomy":"product_cat","embeddable":true,"href":"https:\/\/supexup.formatome.fr\/2025-2026\/RPMC\/2\/wp-json\/wp\/v2\/product_cat?post=341"},{"taxonomy":"product_tag","embeddable":true,"href":"https:\/\/supexup.formatome.fr\/2025-2026\/RPMC\/2\/wp-json\/wp\/v2\/product_tag?post=341"}],"curies":[{"name":"wp","href":"https:\/\/api.w.org\/{rel}","templated":true}]}}