{"id":180,"date":"2026-02-12T10:06:38","date_gmt":"2026-02-12T09:06:38","guid":{"rendered":"https:\/\/supexup.formatome.fr\/2025-2026\/RPMC\/13\/?post_type=product&#038;p=180"},"modified":"2026-03-26T11:29:42","modified_gmt":"2026-03-26T10:29:42","slug":"clair-obscur","status":"publish","type":"product","link":"https:\/\/supexup.formatome.fr\/2025-2026\/RPMC\/13\/produit\/clair-obscur\/","title":{"rendered":"Clair-Obscur"},"content":{"rendered":"<p>[et_pb_section fb_built=\u00a0\u00bb1&Prime; _builder_version=\u00a0\u00bb4.16&Prime; custom_padding=\u00a0\u00bb0px||||false|false\u00a0\u00bb global_colors_info=\u00a0\u00bb{}\u00a0\u00bb][et_pb_row _builder_version=\u00a0\u00bb4.16&Prime; background_size=\u00a0\u00bbinitial\u00a0\u00bb background_position=\u00a0\u00bbtop_left\u00a0\u00bb background_repeat=\u00a0\u00bbrepeat\u00a0\u00bb width=\u00a0\u00bb100%\u00a0\u00bb custom_padding=\u00a0\u00bb0px||0px||false|false\u00a0\u00bb global_colors_info=\u00a0\u00bb{}\u00a0\u00bb][et_pb_column type=\u00a0\u00bb4_4&Prime; _builder_version=\u00a0\u00bb4.16&Prime; custom_padding=\u00a0\u00bb|||\u00a0\u00bb global_colors_info=\u00a0\u00bb{}\u00a0\u00bb custom_padding__hover=\u00a0\u00bb|||\u00a0\u00bb][et_pb_wc_breadcrumb _builder_version=\u00a0\u00bb4.16&Prime; global_colors_info=\u00a0\u00bb{}\u00a0\u00bb][\/et_pb_wc_breadcrumb][et_pb_wc_cart_notice _builder_version=\u00a0\u00bb4.27.4&Prime; background_color=\u00a0\u00bb#7d896e\u00a0\u00bb custom_button=\u00a0\u00bbon\u00a0\u00bb button_text_color=\u00a0\u00bb#7d876e\u00a0\u00bb hover_enabled=\u00a0\u00bb0&Prime; global_colors_info=\u00a0\u00bb{}\u00a0\u00bb sticky_enabled=\u00a0\u00bb0&Prime;][\/et_pb_wc_cart_notice][\/et_pb_column][\/et_pb_row][et_pb_row column_structure=\u00a0\u00bb1_2,1_2&Prime; _builder_version=\u00a0\u00bb4.16&Prime; background_size=\u00a0\u00bbinitial\u00a0\u00bb background_position=\u00a0\u00bbtop_left\u00a0\u00bb background_repeat=\u00a0\u00bbrepeat\u00a0\u00bb width=\u00a0\u00bb100%\u00a0\u00bb custom_padding=\u00a0\u00bb0px||||false|false\u00a0\u00bb global_colors_info=\u00a0\u00bb{}\u00a0\u00bb][et_pb_column type=\u00a0\u00bb1_2&Prime; _builder_version=\u00a0\u00bb4.16&Prime; custom_padding=\u00a0\u00bb|||\u00a0\u00bb global_colors_info=\u00a0\u00bb{}\u00a0\u00bb custom_padding__hover=\u00a0\u00bb|||\u00a0\u00bb][et_pb_wc_images _builder_version=\u00a0\u00bb4.16&Prime; global_colors_info=\u00a0\u00bb{}\u00a0\u00bb][\/et_pb_wc_images][\/et_pb_column][et_pb_column type=\u00a0\u00bb1_2&Prime; _builder_version=\u00a0\u00bb4.16&Prime; custom_padding=\u00a0\u00bb|||\u00a0\u00bb global_colors_info=\u00a0\u00bb{}\u00a0\u00bb custom_padding__hover=\u00a0\u00bb|||\u00a0\u00bb][et_pb_wc_title _builder_version=\u00a0\u00bb4.27.4&Prime; header_font=\u00a0\u00bbCormorant Garamond||||||||\u00a0\u00bb global_colors_info=\u00a0\u00bb{}\u00a0\u00bb][\/et_pb_wc_title][et_pb_wc_price _builder_version=\u00a0\u00bb4.27.4&Prime; body_text_color=\u00a0\u00bb#7d896e\u00a0\u00bb hover_enabled=\u00a0\u00bb0&Prime; global_colors_info=\u00a0\u00bb{}\u00a0\u00bb sticky_enabled=\u00a0\u00bb0&Prime;][\/et_pb_wc_price][et_pb_wc_description _builder_version=\u00a0\u00bb4.16&Prime; global_colors_info=\u00a0\u00bb{}\u00a0\u00bb][\/et_pb_wc_description][et_pb_wc_add_to_cart _builder_version=\u00a0\u00bb4.27.4&Prime; custom_button=\u00a0\u00bbon\u00a0\u00bb button_text_color=\u00a0\u00bb#7d896e\u00a0\u00bb hover_enabled=\u00a0\u00bb0&Prime; global_colors_info=\u00a0\u00bb{}\u00a0\u00bb sticky_enabled=\u00a0\u00bb0&Prime;][\/et_pb_wc_add_to_cart][et_pb_wc_meta _builder_version=\u00a0\u00bb4.27.4&Prime; body_text_color=\u00a0\u00bb#000000&Prime; global_colors_info=\u00a0\u00bb{}\u00a0\u00bb][\/et_pb_wc_meta][\/et_pb_column][\/et_pb_row][et_pb_row _builder_version=\u00a0\u00bb4.16&Prime; background_size=\u00a0\u00bbinitial\u00a0\u00bb background_position=\u00a0\u00bbtop_left\u00a0\u00bb background_repeat=\u00a0\u00bbrepeat\u00a0\u00bb width=\u00a0\u00bb100%\u00a0\u00bb global_colors_info=\u00a0\u00bb{}\u00a0\u00bb][et_pb_column type=\u00a0\u00bb4_4&Prime; _builder_version=\u00a0\u00bb4.16&Prime; custom_padding=\u00a0\u00bb|||\u00a0\u00bb global_colors_info=\u00a0\u00bb{}\u00a0\u00bb custom_padding__hover=\u00a0\u00bb|||\u00a0\u00bb][et_pb_wc_tabs include_tabs=\u00a0\u00bbdescription|\u00a0\u00bb _builder_version=\u00a0\u00bb4.27.4&Prime; global_colors_info=\u00a0\u00bb{}\u00a0\u00bb]\t\t\t\t\t[\/et_pb_wc_tabs][et_pb_wc_upsells _builder_version=\u00a0\u00bb4.16&Prime; global_colors_info=\u00a0\u00bb{}\u00a0\u00bb][\/et_pb_wc_upsells][et_pb_wc_related_products _builder_version=\u00a0\u00bb4.27.4&Prime; title_font=\u00a0\u00bbCormorant Garamond||||||||\u00a0\u00bb title_font_size=\u00a0\u00bb43px\u00a0\u00bb product_title_font=\u00a0\u00bbCormorant Garamond||||||||\u00a0\u00bb global_colors_info=\u00a0\u00bb{}\u00a0\u00bb][\/et_pb_wc_related_products][\/et_pb_column][\/et_pb_row][\/et_pb_section]<\/p>\n","protected":false},"excerpt":{"rendered":"<p>Une \u0153uvre monochrome puissante et \u00e9pur\u00e9e, o\u00f9 les formes et les ombres r\u00e9v\u00e8lent la douceur et la force du corps. Une peinture originale empreinte de s\u00e9r\u00e9nit\u00e9 et d\u2019\u00e9l\u00e9gance.<\/p>\n","protected":false},"featured_media":178,"comment_status":"open","ping_status":"closed","template":"","meta":{"_et_pb_use_builder":"on","_et_pb_old_content":"<p data-start=\"488\" data-end=\"577\"><strong data-start=\"488\" data-end=\"509\">Silence Int\u00e9rieur<\/strong> est une peinture originale r\u00e9alis\u00e9e \u00e0 l\u2019acrylique sur toile carr\u00e9e.<\/p>\r\n<p data-start=\"579\" data-end=\"806\">Dans une palette subtile de gris et de blancs, l\u2019\u0153uvre d\u00e9voile une silhouette sugg\u00e9r\u00e9e, presque sculpt\u00e9e par la lumi\u00e8re. Les courbes fluides et les jeux d\u2019ombres cr\u00e9ent un effet de mouvement doux, comme si la mati\u00e8re respirait.<\/p>\r\n<p data-start=\"808\" data-end=\"1073\">Le choix du monochrome renforce la profondeur \u00e9motionnelle de la toile. Sans distraction de couleur, le regard se concentre sur les volumes, les textures et la lumi\u00e8re. Cette sobri\u00e9t\u00e9 donne \u00e0 l\u2019\u0153uvre une dimension intemporelle, \u00e0 la fois contemporaine et classique.<\/p>\r\n<p data-start=\"1075\" data-end=\"1207\">Les coups de pinceau apportent relief et d\u00e9licatesse, r\u00e9v\u00e9lant une tension subtile entre force et fragilit\u00e9. Cette peinture \u00e9voque :<\/p>\r\n<p data-start=\"1209\" data-end=\"1306\">La f\u00e9minit\u00e9<br data-start=\"1220\" data-end=\"1223\" \/>La douceur<br data-start=\"1233\" data-end=\"1236\" \/>La vuln\u00e9rabilit\u00e9<br data-start=\"1252\" data-end=\"1255\" \/>La force int\u00e9rieure<br data-start=\"1274\" data-end=\"1277\" \/>Le calme et l\u2019introspection<\/p>\r\n<p data-start=\"1308\" data-end=\"1537\">\u00c0 la fois minimaliste et expressive, cette pi\u00e8ce s\u2019int\u00e8gre parfaitement dans un int\u00e9rieur moderne, \u00e9pur\u00e9 ou artistique. Elle apportera une touche de sophistication et de profondeur \u00e0 un salon, une chambre ou un espace de travail.<\/p>\r\n\r\n<ul>\r\n \t<li data-start=\"1572\" data-end=\"1607\">\r\n<p data-start=\"1574\" data-end=\"1607\">Technique : Acrylique sur toile<\/p>\r\n<\/li>\r\n \t<li data-start=\"1608\" data-end=\"1646\">\r\n<p data-start=\"1610\" data-end=\"1646\">Support : Toile mont\u00e9e sur ch\u00e2ssis<\/p>\r\n<\/li>\r\n \t<li data-start=\"1647\" data-end=\"1696\">\r\n<p data-start=\"1649\" data-end=\"1696\">Format : 20 x 40 cm<\/p>\r\n<\/li>\r\n \t<li data-start=\"1697\" data-end=\"1742\">\r\n<p data-start=\"1699\" data-end=\"1742\">Finition : \u0152uvre originale \u2013 pi\u00e8ce unique<\/p>\r\n<\/li>\r\n<\/ul>","_et_gb_content_width":""},"product_brand":[],"product_cat":[17],"product_tag":[],"class_list":{"0":"post-180","1":"product","2":"type-product","3":"status-publish","4":"has-post-thumbnail","6":"product_cat-non-classe","8":"first","9":"instock","10":"shipping-taxable","11":"purchasable","12":"product-type-simple"},"jetpack_sharing_enabled":true,"_links":{"self":[{"href":"https:\/\/supexup.formatome.fr\/2025-2026\/RPMC\/13\/wp-json\/wp\/v2\/product\/180","targetHints":{"allow":["GET"]}}],"collection":[{"href":"https:\/\/supexup.formatome.fr\/2025-2026\/RPMC\/13\/wp-json\/wp\/v2\/product"}],"about":[{"href":"https:\/\/supexup.formatome.fr\/2025-2026\/RPMC\/13\/wp-json\/wp\/v2\/types\/product"}],"replies":[{"embeddable":true,"href":"https:\/\/supexup.formatome.fr\/2025-2026\/RPMC\/13\/wp-json\/wp\/v2\/comments?post=180"}],"wp:featuredmedia":[{"embeddable":true,"href":"https:\/\/supexup.formatome.fr\/2025-2026\/RPMC\/13\/wp-json\/wp\/v2\/media\/178"}],"wp:attachment":[{"href":"https:\/\/supexup.formatome.fr\/2025-2026\/RPMC\/13\/wp-json\/wp\/v2\/media?parent=180"}],"wp:term":[{"taxonomy":"product_brand","embeddable":true,"href":"https:\/\/supexup.formatome.fr\/2025-2026\/RPMC\/13\/wp-json\/wp\/v2\/product_brand?post=180"},{"taxonomy":"product_cat","embeddable":true,"href":"https:\/\/supexup.formatome.fr\/2025-2026\/RPMC\/13\/wp-json\/wp\/v2\/product_cat?post=180"},{"taxonomy":"product_tag","embeddable":true,"href":"https:\/\/supexup.formatome.fr\/2025-2026\/RPMC\/13\/wp-json\/wp\/v2\/product_tag?post=180"}],"curies":[{"name":"wp","href":"https:\/\/api.w.org\/{rel}","templated":true}]}}