{"id":312,"date":"2026-03-02T11:50:24","date_gmt":"2026-03-02T10:50:24","guid":{"rendered":"https:\/\/supexup.formatome.fr\/2025-2026\/RPMC\/12\/?post_type=product&#038;p=312"},"modified":"2026-04-13T10:03:32","modified_gmt":"2026-04-13T08:03:32","slug":"otzi-protect-film-protecteur-sachets-10cm-x-15cm","status":"publish","type":"product","link":"https:\/\/supexup.formatome.fr\/2025-2026\/RPMC\/12\/produit\/otzi-protect-film-protecteur-sachets-10cm-x-15cm\/","title":{"rendered":"OTZI Protect Film Protecteur \u2013 Sachets 10cm x 15cm"},"content":{"rendered":"<p>Film protecteur en polyur\u00e9thane de type \u00ab seconde peau \u00bb hypoallerg\u00e9nique et waterproof \u00e0 appliquer apr\u00e8s l\u2019acte de tatouage. Transparent et hautement \u00e9lastique, son application sur toutes les parties du corps est simple et rapide.<\/p>\n<p>OTZI Protect assure un confort quotidien aupr\u00e8s de la personne tatou\u00e9e, tout en limitant les frottements. La peau respire et reste en milieu humide. Le tatou\u00e9 est assur\u00e9 d\u2019une parfaite tranquillit\u00e9 pendant les premi\u00e8res 12 \u00e0 24 heures.<br \/>\nAssurance qualit\u00e9 : fabriqu\u00e9 en laboratoire selon la norme EN ISO 13485.<\/p>\n<p>Conditionnement : en pochette de 10 pansements individuels, 10cm x 15cm<\/p>\n<p>Conservation : 3 ans<\/p>\n","protected":false},"excerpt":{"rendered":"<p>Film protecteur en polyur\u00e9thane de type \u00ab seconde peau \u00bb hypoallerg\u00e9nique et waterproof \u00e0 appliquer apr\u00e8s l\u2019acte de tatouage. Transparent et hautement \u00e9lastique, son application sur toutes les parties du corps est simple et rapide. OTZI Protect assure un confort quotidien aupr\u00e8s de la personne tatou\u00e9e, tout en limitant les frottements. La peau respire et [&hellip;]<\/p>\n","protected":false},"featured_media":289,"comment_status":"open","ping_status":"closed","template":"","meta":{"_et_pb_use_builder":"","_et_pb_old_content":"","_et_gb_content_width":""},"product_brand":[20],"product_cat":[26],"product_tag":[],"class_list":{"0":"post-312","1":"product","2":"type-product","3":"status-publish","4":"has-post-thumbnail","6":"product_brand-otzi","7":"product_cat-accessoires","9":"first","10":"instock","11":"shipping-taxable","12":"purchasable","13":"product-type-simple"},"jetpack_sharing_enabled":true,"_links":{"self":[{"href":"https:\/\/supexup.formatome.fr\/2025-2026\/RPMC\/12\/wp-json\/wp\/v2\/product\/312","targetHints":{"allow":["GET"]}}],"collection":[{"href":"https:\/\/supexup.formatome.fr\/2025-2026\/RPMC\/12\/wp-json\/wp\/v2\/product"}],"about":[{"href":"https:\/\/supexup.formatome.fr\/2025-2026\/RPMC\/12\/wp-json\/wp\/v2\/types\/product"}],"replies":[{"embeddable":true,"href":"https:\/\/supexup.formatome.fr\/2025-2026\/RPMC\/12\/wp-json\/wp\/v2\/comments?post=312"}],"wp:featuredmedia":[{"embeddable":true,"href":"https:\/\/supexup.formatome.fr\/2025-2026\/RPMC\/12\/wp-json\/wp\/v2\/media\/289"}],"wp:attachment":[{"href":"https:\/\/supexup.formatome.fr\/2025-2026\/RPMC\/12\/wp-json\/wp\/v2\/media?parent=312"}],"wp:term":[{"taxonomy":"product_brand","embeddable":true,"href":"https:\/\/supexup.formatome.fr\/2025-2026\/RPMC\/12\/wp-json\/wp\/v2\/product_brand?post=312"},{"taxonomy":"product_cat","embeddable":true,"href":"https:\/\/supexup.formatome.fr\/2025-2026\/RPMC\/12\/wp-json\/wp\/v2\/product_cat?post=312"},{"taxonomy":"product_tag","embeddable":true,"href":"https:\/\/supexup.formatome.fr\/2025-2026\/RPMC\/12\/wp-json\/wp\/v2\/product_tag?post=312"}],"curies":[{"name":"wp","href":"https:\/\/api.w.org\/{rel}","templated":true}]}}