{"id":234,"date":"2026-03-05T11:52:00","date_gmt":"2026-03-05T10:52:00","guid":{"rendered":"https:\/\/supexup.formatome.fr\/2025-2026\/RPMC\/10\/?post_type=product&#038;p=234"},"modified":"2026-03-05T11:52:00","modified_gmt":"2026-03-05T10:52:00","slug":"abonnement-des-etablissements","status":"publish","type":"product","link":"https:\/\/supexup.formatome.fr\/2025-2026\/RPMC\/10\/product\/abonnement-des-etablissements\/","title":{"rendered":"Abonnement des \u00e9tablissements"},"content":{"rendered":"<p data-start=\"591\" data-end=\"761\">L\u2019abonnement \u00c9tablissement TafTaf offre aux \u00e9coles et \u00e9tablissements un acc\u00e8s complet \u00e0 notre plateforme innovante d\u00e9di\u00e9e \u00e0 la mise en relation \u00e9tudiants \u2013 entreprises.<\/p>\n<p data-start=\"763\" data-end=\"822\">Gr\u00e2ce \u00e0 cet abonnement annuel, votre \u00e9tablissement peut :<\/p>\n<ul data-start=\"824\" data-end=\"1487\">\n<li data-start=\"824\" data-end=\"957\">\n<p data-start=\"826\" data-end=\"957\"><strong data-start=\"826\" data-end=\"869\">Accompagner les \u00e9tudiants vers l\u2019emploi<\/strong> : facilitez l\u2019acc\u00e8s \u00e0 des stages, alternances et opportunit\u00e9s adapt\u00e9es \u00e0 leur profil.<\/p>\n<\/li>\n<li data-start=\"958\" data-end=\"1095\">\n<p data-start=\"960\" data-end=\"1095\"><strong data-start=\"960\" data-end=\"996\">D\u00e9velopper le r\u00e9seau entreprises<\/strong> : renforcez vos partenariats et cr\u00e9ez des connexions avec des entreprises s\u00e9rieuses et motiv\u00e9es.<\/p>\n<\/li>\n<li data-start=\"1096\" data-end=\"1227\">\n<p data-start=\"1098\" data-end=\"1227\"><strong data-start=\"1098\" data-end=\"1135\">Utiliser une plateforme intuitive<\/strong> : un outil simple et moderne pour g\u00e9rer les mises en relation et suivre les opportunit\u00e9s.<\/p>\n<\/li>\n<li data-start=\"1228\" data-end=\"1363\">\n<p data-start=\"1230\" data-end=\"1363\"><strong data-start=\"1230\" data-end=\"1255\">Valoriser votre image<\/strong> : montrez votre engagement pour la r\u00e9ussite professionnelle de vos \u00e9tudiants gr\u00e2ce \u00e0 un service innovant.<\/p>\n<\/li>\n<li data-start=\"1364\" data-end=\"1487\">\n<p data-start=\"1366\" data-end=\"1487\"><strong data-start=\"1366\" data-end=\"1393\">Suivre les opportunit\u00e9s<\/strong> : visualisez facilement les mises en relation et les placements r\u00e9alis\u00e9s par vos \u00e9tudiants.<\/p>\n<\/li>\n<\/ul>\n","protected":false},"excerpt":{"rendered":"<p>L\u2019abonnement \u00c9tablissement TafTaf \u00e0 <strong data-start=\"253\" data-end=\"269\">240 \u20ac par an<\/strong> permet \u00e0 votre \u00e9cole d\u2019accompagner efficacement ses \u00e9tudiants vers l\u2019insertion professionnelle. Acc\u00e9dez \u00e0 une plateforme intuitive, d\u00e9veloppez votre r\u00e9seau d\u2019entreprises et valorisez votre \u00e9tablissement en facilitant la mise en relation avec des \u00e9tudiants motiv\u00e9s.<\/p>\n","protected":false},"featured_media":235,"comment_status":"open","ping_status":"closed","template":"","meta":{"_et_pb_use_builder":"","_et_pb_old_content":"","_et_gb_content_width":""},"product_brand":[],"product_cat":[18],"product_tag":[],"class_list":{"0":"post-234","1":"product","2":"type-product","3":"status-publish","4":"has-post-thumbnail","6":"product_cat-uncategorized","8":"first","9":"instock","10":"virtual","11":"purchasable","12":"product-type-simple"},"_links":{"self":[{"href":"https:\/\/supexup.formatome.fr\/2025-2026\/RPMC\/10\/wp-json\/wp\/v2\/product\/234","targetHints":{"allow":["GET"]}}],"collection":[{"href":"https:\/\/supexup.formatome.fr\/2025-2026\/RPMC\/10\/wp-json\/wp\/v2\/product"}],"about":[{"href":"https:\/\/supexup.formatome.fr\/2025-2026\/RPMC\/10\/wp-json\/wp\/v2\/types\/product"}],"replies":[{"embeddable":true,"href":"https:\/\/supexup.formatome.fr\/2025-2026\/RPMC\/10\/wp-json\/wp\/v2\/comments?post=234"}],"wp:featuredmedia":[{"embeddable":true,"href":"https:\/\/supexup.formatome.fr\/2025-2026\/RPMC\/10\/wp-json\/wp\/v2\/media\/235"}],"wp:attachment":[{"href":"https:\/\/supexup.formatome.fr\/2025-2026\/RPMC\/10\/wp-json\/wp\/v2\/media?parent=234"}],"wp:term":[{"taxonomy":"product_brand","embeddable":true,"href":"https:\/\/supexup.formatome.fr\/2025-2026\/RPMC\/10\/wp-json\/wp\/v2\/product_brand?post=234"},{"taxonomy":"product_cat","embeddable":true,"href":"https:\/\/supexup.formatome.fr\/2025-2026\/RPMC\/10\/wp-json\/wp\/v2\/product_cat?post=234"},{"taxonomy":"product_tag","embeddable":true,"href":"https:\/\/supexup.formatome.fr\/2025-2026\/RPMC\/10\/wp-json\/wp\/v2\/product_tag?post=234"}],"curies":[{"name":"wp","href":"https:\/\/api.w.org\/{rel}","templated":true}]}}