{"id":128,"date":"2026-01-22T09:19:36","date_gmt":"2026-01-22T08:19:36","guid":{"rendered":"https:\/\/supexup.formatome.fr\/2025-2026\/MCO1B\/11\/?post_type=product&#038;p=128"},"modified":"2026-01-22T09:21:40","modified_gmt":"2026-01-22T08:21:40","slug":"montre-cluse-gracieuse-en-acier-et-pvd-dore","status":"publish","type":"product","link":"https:\/\/supexup.formatome.fr\/2025-2026\/MCO1B\/11\/?product=montre-cluse-gracieuse-en-acier-et-pvd-dore","title":{"rendered":"Montre Cluse Gracieuse en Acier et PVD Dor\u00e9"},"content":{"rendered":"<div class=\"tabs\">\n<div id=\"product-detail-tab-content\" class=\"tab-content-noTab ubuntu\">\n<div id=\"description\" class=\"tab-pane show active\" role=\"tabpanel\" aria-labelledby=\"description-tab\">\n<div class=\"product-description paragraph-normal\">\n<p>Symbole d\u2019\u00e9l\u00e9gance contemporaine, la Gracieuse de Cluse se distingue par son bo\u00eetier carr\u00e9 en acier inoxydable dor\u00e9 de 28 mm, \u00e0 la fois raffin\u00e9 et l\u00e9ger, dont les finitions mates subtilement rehauss\u00e9es de touches polies cr\u00e9ent un \u00e9quilibre parfait entre modernit\u00e9 et tradition. Son cadran \u00e0 la finition soleill\u00e9e textur\u00e9e capte la lumi\u00e8re avec \u00e9clat, enrichi de chiffres romains \u00e9l\u00e9gamment dispos\u00e9s et d\u2019aiguilles fines qui assurent une lecture claire et pr\u00e9cise des heures et minutes, le tout prot\u00e9g\u00e9 par un verre min\u00e9ral plat garantissant r\u00e9sistance et durabilit\u00e9. Anim\u00e9e par un mouvement quartz japonais reconnu pour sa fiabilit\u00e9, cette montre offre une ponctualit\u00e9 sans faille au quotidien tout en n\u00e9cessitant peu d\u2019entretien. Son bracelet en acier inoxydable dor\u00e9, alternant finitions bross\u00e9es et polies, vient parfaire l\u2019ensemble avec confort, brillance et sophistication. &#8211; mouvement \u00e0 quartz &#8211; verre min\u00e9ral &#8211; bracelet en acier inoxydable dor\u00e9 &#8211; boucle coulissante &#8211; \u00e9tanch\u00e9it\u00e9 jusqu&rsquo;\u00e0 50 m\u00e8tres.<\/p>\n<\/div>\n<\/div>\n<\/div>\n<\/div>\n","protected":false},"excerpt":{"rendered":"<div id=\"synalia_pickup_store\" class=\"item d-flex align-items-baseline mt-2 pt-1\"><img decoding=\"async\" src=\"https:\/\/www.montresandco.com\/themes\/synalia\/assets\/img\/checkVert.webp\" alt=\"En stock\" \/><span style=\"font-size: 16px;\">Retrait en magasin<\/span><\/div>\n<div id=\"synalia_delivery_place\" class=\"item d-flex align-items-baseline mt-2 pt-1\">\n<p><img decoding=\"async\" src=\"https:\/\/www.montresandco.com\/themes\/synalia\/assets\/img\/checkVert.webp\" alt=\"En stock\" \/><span style=\"font-size: 16px;\">Livraison \u00e0 domicile ou en point relais<\/span><\/p>\n<div class=\"d-flex flex-column\">\n<p class=\"ms-2 me-2\"><span class=\"text-delivery col-lg-auto fs-extra-small fs-lg-paragraph-middle d-block mt-1\">\u00e0 partir du samedi 24 Janvier<\/span><\/p>\n<\/div>\n<\/div>\n","protected":false},"featured_media":131,"comment_status":"open","ping_status":"closed","template":"","meta":{"site-sidebar-layout":"default","site-content-layout":"","ast-site-content-layout":"default","site-content-style":"default","site-sidebar-style":"default","ast-global-header-display":"","ast-banner-title-visibility":"","ast-main-header-display":"","ast-hfb-above-header-display":"","ast-hfb-below-header-display":"","ast-hfb-mobile-header-display":"","site-post-title":"","ast-breadcrumbs-content":"","ast-featured-img":"","footer-sml-layout":"","theme-transparent-header-meta":"default","adv-header-id-meta":"","stick-header-meta":"","header-above-stick-meta":"","header-main-stick-meta":"","header-below-stick-meta":"","astra-migrate-meta-layouts":"set","ast-page-background-enabled":"default","ast-page-background-meta":{"desktop":{"background-color":"var(--ast-global-color-5)","background-image":"","background-repeat":"repeat","background-position":"center center","background-size":"auto","background-attachment":"scroll","background-type":"","background-media":"","overlay-type":"","overlay-color":"","overlay-opacity":"","overlay-gradient":""},"tablet":{"background-color":"","background-image":"","background-repeat":"repeat","background-position":"center center","background-size":"auto","background-attachment":"scroll","background-type":"","background-media":"","overlay-type":"","overlay-color":"","overlay-opacity":"","overlay-gradient":""},"mobile":{"background-color":"","background-image":"","background-repeat":"repeat","background-position":"center center","background-size":"auto","background-attachment":"scroll","background-type":"","background-media":"","overlay-type":"","overlay-color":"","overlay-opacity":"","overlay-gradient":""}},"ast-content-background-meta":{"desktop":{"background-color":"var(--ast-global-color-4)","background-image":"","background-repeat":"repeat","background-position":"center center","background-size":"auto","background-attachment":"scroll","background-type":"","background-media":"","overlay-type":"","overlay-color":"","overlay-opacity":"","overlay-gradient":""},"tablet":{"background-color":"var(--ast-global-color-4)","background-image":"","background-repeat":"repeat","background-position":"center center","background-size":"auto","background-attachment":"scroll","background-type":"","background-media":"","overlay-type":"","overlay-color":"","overlay-opacity":"","overlay-gradient":""},"mobile":{"background-color":"var(--ast-global-color-4)","background-image":"","background-repeat":"repeat","background-position":"center center","background-size":"auto","background-attachment":"scroll","background-type":"","background-media":"","overlay-type":"","overlay-color":"","overlay-opacity":"","overlay-gradient":""}}},"product_brand":[],"product_cat":[17],"product_tag":[],"class_list":{"0":"post-128","1":"product","2":"type-product","3":"status-publish","4":"has-post-thumbnail","6":"product_cat-non-classe","7":"desktop-align-left","8":"tablet-align-left","9":"mobile-align-left","11":"first","12":"instock","13":"shipping-taxable","14":"purchasable","15":"product-type-simple"},"jetpack_sharing_enabled":true,"_links":{"self":[{"href":"https:\/\/supexup.formatome.fr\/2025-2026\/MCO1B\/11\/index.php?rest_route=\/wp\/v2\/product\/128","targetHints":{"allow":["GET"]}}],"collection":[{"href":"https:\/\/supexup.formatome.fr\/2025-2026\/MCO1B\/11\/index.php?rest_route=\/wp\/v2\/product"}],"about":[{"href":"https:\/\/supexup.formatome.fr\/2025-2026\/MCO1B\/11\/index.php?rest_route=\/wp\/v2\/types\/product"}],"replies":[{"embeddable":true,"href":"https:\/\/supexup.formatome.fr\/2025-2026\/MCO1B\/11\/index.php?rest_route=%2Fwp%2Fv2%2Fcomments&post=128"}],"wp:featuredmedia":[{"embeddable":true,"href":"https:\/\/supexup.formatome.fr\/2025-2026\/MCO1B\/11\/index.php?rest_route=\/wp\/v2\/media\/131"}],"wp:attachment":[{"href":"https:\/\/supexup.formatome.fr\/2025-2026\/MCO1B\/11\/index.php?rest_route=%2Fwp%2Fv2%2Fmedia&parent=128"}],"wp:term":[{"taxonomy":"product_brand","embeddable":true,"href":"https:\/\/supexup.formatome.fr\/2025-2026\/MCO1B\/11\/index.php?rest_route=%2Fwp%2Fv2%2Fproduct_brand&post=128"},{"taxonomy":"product_cat","embeddable":true,"href":"https:\/\/supexup.formatome.fr\/2025-2026\/MCO1B\/11\/index.php?rest_route=%2Fwp%2Fv2%2Fproduct_cat&post=128"},{"taxonomy":"product_tag","embeddable":true,"href":"https:\/\/supexup.formatome.fr\/2025-2026\/MCO1B\/11\/index.php?rest_route=%2Fwp%2Fv2%2Fproduct_tag&post=128"}],"curies":[{"name":"wp","href":"https:\/\/api.w.org\/{rel}","templated":true}]}}