{"id":19,"date":"2025-01-27T15:15:41","date_gmt":"2025-01-27T14:15:41","guid":{"rendered":"https:\/\/supexup.formatome.fr\/2024-2025\/MCO1\/19\/?page_id=19"},"modified":"2025-01-30T09:41:53","modified_gmt":"2025-01-30T08:41:53","slug":"garcia-lucie-accueil","status":"publish","type":"page","link":"https:\/\/supexup.formatome.fr\/2024-2025\/MCO1\/19\/?page_id=19","title":{"rendered":"GARCIA Lucie accueil"},"content":{"rendered":"<figure class=\"wp-block-image\"><img decoding=\"async\" src=\"https:\/\/i.pinimg.com\/736x\/a9\/1c\/c1\/a91cc18cecd7be9109fc48805beceb89.jpg\" alt=\"\"\/><\/figure><h3 class=\"wp-block-heading has-text-align-center\"><strong>Bienvenue chez Cartier<\/strong><\/h3><h4 class=\"wp-block-heading\">.<strong><em>L&rsquo;Excellence du Luxe, la Magie de l&rsquo;Inoubliable<\/em><\/strong><\/h4><p>D\u00e9couvrez l&rsquo;univers prestigieux de Cartier, symbole mondial d&rsquo;\u00e9l\u00e9gance et de raffinement. Depuis plus de 170 ans, Cartier a su allier cr\u00e9ativit\u00e9, savoir-faire et excellence pour offrir des cr\u00e9ations exceptionnelles.<\/p><hr class=\"wp-block-separator has-alpha-channel-opacity\"\/><h4 class=\"wp-block-heading\">.<strong><em>Nos Collections<\/em><\/strong><\/h4><div class=\"wp-block-group is-nowrap is-layout-flex wp-container-core-group-is-layout-6c531013 wp-block-group-is-layout-flex\"><p><strong>Bagues de fian\u00e7ailles et alliances<\/strong><br>Sublimez votre amour avec nos bagues d\u2019exception, faites pour marquer les moments les plus pr\u00e9cieux de votre vie.<\/p>\n\n<figure class=\"wp-block-image is-resized\"><img decoding=\"async\" src=\"https:\/\/i.pinimg.com\/236x\/1b\/d3\/73\/1bd37330b4ba6bb3bac98a06e5e2f0c9.jpg\" alt=\"Bague Clash de Cartier, moyen mod\u00e8le, or gris rhodi\u00e9 750\/1000. Largeur 8\u00a0mm (pour taille 52).\" style=\"width:136px;height:auto\"\/><\/figure><\/div><div class=\"wp-block-group is-nowrap is-layout-flex wp-container-core-group-is-layout-6c531013 wp-block-group-is-layout-flex\"><p><strong>Colliers et pendentifs<\/strong><br>Offrez un \u00e9clat incomparable avec nos colliers et pendentifs, qui incarnent la sophistication \u00e0 l\u2019\u00e9tat pur.<\/p>\n\n<figure class=\"wp-block-image is-resized\"><img decoding=\"async\" src=\"https:\/\/i.pinimg.com\/236x\/fd\/3c\/d0\/fd3cd02c60137222c8e31be540a87293.jpg\" alt=\"Ceci contient une image de\u00a0: CRN7424408 - Collier Clash de Cartier Moyen Mod\u00e8le souple - Or gris rhodi\u00e9 - Cartier\" style=\"width:134px;height:auto\"\/><\/figure><\/div><div class=\"wp-block-group is-nowrap is-layout-flex wp-container-core-group-is-layout-6c531013 wp-block-group-is-layout-flex\"><p><strong>Bracelets et montres<\/strong><br>Des bracelets raffin\u00e9s et des montres horlog\u00e8res d\u2019exception pour chaque instant.<\/p>\n\n<figure class=\"wp-block-image is-resized\"><img decoding=\"async\" src=\"https:\/\/i.pinimg.com\/236x\/03\/91\/93\/0391933df61e06c36359f675f72e4557.jpg\" alt=\"Bracelet LOVE, mod\u00e8le classique, or jaune 750\/1000, syst\u00e8me de fermeture avec une vis fonctionnelle et une charni\u00e8re. Vendu avec son tournevis. Largeur 6.1\u00a0mm. Cr\u00e9\u00e9 \u00e0 New York en 1969, le bracelet LOVE est une ic\u00f4ne de design joaillier : un bracelet ovale, compos\u00e9 de deux arcs rigides, que l\u2019on porte serr\u00e9 au plus pr\u00e8s du poignet et que l\u2019on retire avec un tournevis sp\u00e9cifique. Cartier poursuit l\u2019histoire du bracelet LOVE originel avec une version dot\u00e9e d'une charni\u00e8re pour ceux qui pr\u00e9f\u00e8rent le\" style=\"width:141px;height:auto\"\/><\/figure><\/div><div class=\"wp-block-group is-nowrap is-layout-flex wp-container-core-group-is-layout-6c531013 wp-block-group-is-layout-flex\"><p><strong _msttexthash=\"94744\" _msthash=\"0\">Boucles<\/strong><br>Des boucles d&rsquo;oreilles pr\u00e9cieuses, qui captent la lumi\u00e8re et l\u2019admiration.<\/p>\n\n<figure class=\"wp-block-image is-resized\"><img decoding=\"async\" src=\"https:\/\/i.pinimg.com\/236x\/19\/43\/4b\/19434bd70640998e1016e663e9824e64.jpg\" alt=\"Ceci contient une image de\u00a0: CRN8515194 - Cartier Destin\u00e9e earrings - White gold, emerald, diamonds - Cartier\" style=\"width:141px;height:auto\"\/><\/figure><\/div><hr class=\"wp-block-separator has-alpha-channel-opacity\"\/><h4 class=\"wp-block-heading\">.<strong><em>L&rsquo;Art de la Joaillerie<\/em><\/strong><\/h4><p>Plongez dans l\u2019univers fascinant de la haute joaillerie, o\u00f9 chaque bijou est une \u0153uvre d&rsquo;art, fa\u00e7onn\u00e9e par des ma\u00eetres artisans, v\u00e9ritables architectes de beaut\u00e9.<\/p><hr class=\"wp-block-separator has-alpha-channel-opacity\"\/><h4 class=\"wp-block-heading\">.<strong><em>Services Personnalis\u00e9s<\/em><\/strong><\/h4><p>B\u00e9n\u00e9ficiez d&rsquo;une exp\u00e9rience sur-mesure avec nos services de gravure, de r\u00e9paration, et de conseils personnalis\u00e9s.<\/p><figure class=\"wp-block-image size-full is-resized\"><img loading=\"lazy\" decoding=\"async\" width=\"907\" height=\"724\" src=\"https:\/\/supexup.formatome.fr\/2024-2025\/MCO1\/19\/wp-content\/uploads\/2025\/01\/image.png\" alt=\"\" class=\"wp-image-30\" style=\"width:332px;height:auto\" srcset=\"https:\/\/supexup.formatome.fr\/2024-2025\/MCO1\/19\/wp-content\/uploads\/2025\/01\/image.png 907w, https:\/\/supexup.formatome.fr\/2024-2025\/MCO1\/19\/wp-content\/uploads\/2025\/01\/image-300x239.png 300w, https:\/\/supexup.formatome.fr\/2024-2025\/MCO1\/19\/wp-content\/uploads\/2025\/01\/image-768x613.png 768w, https:\/\/supexup.formatome.fr\/2024-2025\/MCO1\/19\/wp-content\/uploads\/2025\/01\/image-600x479.png 600w\" sizes=\"auto, (max-width: 907px) 100vw, 907px\" \/><\/figure><hr class=\"wp-block-separator has-alpha-channel-opacity\"\/><h4 class=\"wp-block-heading\">.<strong><em>Visitez Nos Boutiques<\/em><\/strong><\/h4><p>Explorez nos boutiques \u00e0 travers le monde et vivez une exp\u00e9rience unique en d\u00e9couvrant nos collections en personne.<\/p>","protected":false},"excerpt":{"rendered":"<p>Bienvenue chez Cartier .L&rsquo;Excellence du Luxe, la Magie de l&rsquo;Inoubliable D\u00e9couvrez l&rsquo;univers prestigieux de Cartier, symbole mondial d&rsquo;\u00e9l\u00e9gance et de raffinement. Depuis plus de 170 ans, Cartier a su allier cr\u00e9ativit\u00e9, savoir-faire et excellence pour offrir des cr\u00e9ations exceptionnelles. .Nos Collections Bagues de fian\u00e7ailles et alliancesSublimez votre amour avec nos bagues d\u2019exception, faites pour marquer [&hellip;]<\/p>\n","protected":false},"author":1,"featured_media":0,"parent":0,"menu_order":0,"comment_status":"closed","ping_status":"closed","template":"","meta":{"footnotes":""},"class_list":["post-19","page","type-page","status-publish","hentry"],"_links":{"self":[{"href":"https:\/\/supexup.formatome.fr\/2024-2025\/MCO1\/19\/index.php?rest_route=\/wp\/v2\/pages\/19","targetHints":{"allow":["GET"]}}],"collection":[{"href":"https:\/\/supexup.formatome.fr\/2024-2025\/MCO1\/19\/index.php?rest_route=\/wp\/v2\/pages"}],"about":[{"href":"https:\/\/supexup.formatome.fr\/2024-2025\/MCO1\/19\/index.php?rest_route=\/wp\/v2\/types\/page"}],"author":[{"embeddable":true,"href":"https:\/\/supexup.formatome.fr\/2024-2025\/MCO1\/19\/index.php?rest_route=\/wp\/v2\/users\/1"}],"replies":[{"embeddable":true,"href":"https:\/\/supexup.formatome.fr\/2024-2025\/MCO1\/19\/index.php?rest_route=%2Fwp%2Fv2%2Fcomments&post=19"}],"version-history":[{"count":6,"href":"https:\/\/supexup.formatome.fr\/2024-2025\/MCO1\/19\/index.php?rest_route=\/wp\/v2\/pages\/19\/revisions"}],"predecessor-version":[{"id":58,"href":"https:\/\/supexup.formatome.fr\/2024-2025\/MCO1\/19\/index.php?rest_route=\/wp\/v2\/pages\/19\/revisions\/58"}],"wp:attachment":[{"href":"https:\/\/supexup.formatome.fr\/2024-2025\/MCO1\/19\/index.php?rest_route=%2Fwp%2Fv2%2Fmedia&parent=19"}],"curies":[{"name":"wp","href":"https:\/\/api.w.org\/{rel}","templated":true}]}}